nits digit of z?
4
Suppose -789399 = 17*y - 33*y - 23*y. What is the tens digit of y?
4
Suppose -10*w - 533 = -4213. Let t = w + -531. Let g = t - -285. What is the tens digit of g?
2
Suppose 2*b - 27 + 3 = 0. What is the units digit of 12/4*(b - 1)?
3
Suppose -4*m + 45 = y, -5*m - 5*y + 34 = -41. Let s(f) = 2*f**2 - 22*f + 23. Let n be s(m). What is the units digit of n/(-2) - (-98)/28?
2
Let z(s) = -8*s**2 + 22*s - 22. Let p(k) = -3*k - 12. Let d be p(3). Let u be z(d). What is the tens digit of u/(-60) + 8/60?
6
Let i(l) = l**2 - 22*l + 39. Let b be i(20). Let z = 15 - b. Suppose -n = -z*n + 2070. What is the hundreds digit of n?
1
Let l(f) = 99*f + 2560. What is the units digit of l(55)?
5
Let p = -29 + 33. Suppose 3*a - 6 = -p*g - 20, 4*a - 4*g = 28. Suppose 0 = 7*k - a*k - 200. What is the units digit of k?
0
Suppose 63 + 12 = 15*l. Let t(a) = 2*a**3 - 6*a**2 - 5*a - 12. What is the units digit of t(l)?
3
Let u = 172 + -140. Suppose u - 712 = -5*v. What is the units digit of v?
6
Let k(n) = n**3 + 10*n**2 + 12*n + 5. Let h be k(-11). What is the tens digit of h/(-16) + -1*15/(-6)?
1
Let a(o) = 538*o**2 + 13*o - 92. What is the thousands digit of a(6)?
9
Suppose 0 = 96*t - 92*t - 104. What is the hundreds digit of 7326/15 - t/65?
4
Suppose 2*w - 315 = 7*w. Let y be (18/w)/((-2)/42). Suppose j = 3*s + y*j - 239, 0 = 5*s - 2*j - 419. What is the tens digit of s?
8
Let w(s) = -s**3 + 10*s**2 + 16*s - 10. Let f be w(11). Let t = 1 - f. Let v = 50 - t. What is the tens digit of v?
9
Suppose 0 = -f + 2*f + 1. Let x be (-4)/14 + 78/(-21). What is the units digit of 45 + f + 8 + x?
8
Suppose 2 = -2*k - 4, 0 = -4*m + 4*k - 3188. Let w = m - -1177. What is the units digit of w?
7
Let k(d) = 4*d + 7*d**2 + 2 + 5*d + 40*d**2 + 8*d**2. Let r(w) = 28*w**2 + 4*w + 1. Let i(m) = -4*k(m) + 9*r(m). What is the tens digit of i(1)?
3
Let y(t) = -2133*t - 717. What is the ten thousands digit of y(-12)?
2
Let k = 3035 - -5710. What is the tens digit of k?
4
Let s(p) = 3*p**2 - 18*p - 9. Let q be s(8). Suppose -15 + q = 6*m. What is the units digit of 4*(m + -5) + (-192)/(-1)?
8
Let n(v) = 16*v + 10. Let a(q) = 6*q - 6. Let j(i) = i - 1. Let u(t) = 2*a(t) - 11*j(t). Let r(x) = n(x) + 2*u(x). What is the hundreds digit of r(7)?
1
Let a(w) = 5738*w - 31. Let j be a(1). Suppose -5*p - 347 + j = 0. What is the thousands digit of p?
1
Suppose 0 = 8*d - 31 - 1. Suppose d*p - 3*p = -5*z + 2627, 0 = -4*z - p + 2102. What is the hundreds digit of z?
5
Let d = 52 - 9. Suppose 3*f + 28 - d = 0. Suppose 5*h + 3*v - 595 = 0, f*h = 4*v + 367 + 228. What is the hundreds digit of h?
1
Let o = 947 - -419. Suppose -3*s = -3, 34*x - 2*s + o = 38*x. What is the tens digit of x?
4
Let i be (-12)/(-9 + 42/7). Let l(d) = -27*d - 31. Let b(o) = 54*o + 61. Let h(z) = -3*b(z) - 7*l(z). What is the hundreds digit of h(i)?
1
Let a be (-2 + 5)/(3/(-20)). Let o = -16 - a. What is the hundreds digit of (38/3)/((0 + o)/84)?
2
Let k(q) = q**2 + 9*q - 32. Let d be k(-12). Suppose 3*a + d*a - 1239 = 0. What is the units digit of a?
7
Suppose -2*t + 3*t - 67 = 3*a, -2*a = 5*t - 267. Suppose -52*d + t*d = -78. Let j = 115 - d. What is the hundreds digit of j?
1
Let u(r) be the second derivative of r**4/12 - 3*r**3/2 + r**2 + 7*r. Let c be u(8). What is the tens digit of (c - -9)*(32 - -2)?
0
Let w(a) = 15*a - 3. Let l(x) = -3 + 47*x + x**2 - 54*x + 0*x**2. Let o be l(9). What is the tens digit of w(o)?
2
Let k(j) be the second derivative of 19*j**4/6 + 25*j**3/6 - 3*j**2 + 6*j - 5. What is the tens digit of k(-6)?
1
Let w(b) = -4*b**3 - b**2 - b - 6. Let a(d) = -5*d**3 - 2*d - 5. Let p(s) = 3*a(s) - 4*w(s). Let l be p(-4). Suppose 5*f = 8 + l. What is the units digit of f?
5
Suppose 2*d = 3*f + 54815, -5*f = -d + 6*d - 137075. What is the ten thousands digit of d?
2
Let m = -89 + 98. Let t be -2 - m/((-1)/((-2)/(-3))). Suppose -5*n - 5*b + b = -230, -2*n + t*b = -64. What is the tens digit of n?
4
Let c be (0/1)/(-13 - -16) - -2. Suppose -6*q = -c*q - 600. Suppose 4*d + 115 = 3*n, 2*n + n + 3*d = q. What is the tens digit of n?
4
Let j be -13 + 2*-1 + (-11 - -16). What is the units digit of (j/((-40)/(-1788)))/(-1)?
7
Let c(w) be the first derivative of 5*w**3/3 + 19*w**2/2 + 62*w - 55. What is the units digit of c(-17)?
4
Suppose -7*a + 60 = 5*a. Let f be (4320/50)/(1/a). Suppose -13*p = -p - f. What is the tens digit of p?
3
Let g = 24 + -8. Suppose 0 = 4*k + g, -m = -3*k - 125. Let t = 226 - m. What is the tens digit of t?
1
Suppose -562*o = -567*o + 30. Suppose 0 = 5*u + 5, -v + 3*u = o*u - 534. What is the tens digit of v?
3
Suppose 0*w + 2*w - 638 = 0. Suppose -5*u - 1235 = -p, -5*p + 400 = -3*u - w. Let g = 359 + u. What is the units digit of g?
1
Suppose 5*y - 4*g - 116986 = 0, 0 = 2*y + 2*g + 25904 - 72720. What is the hundreds digit of y?
4
Suppose 178589 = 36*w + 190657 - 489068. What is the thousands digit of w?
3
Let o = 873 + -861. Let n(i) = -11*i**2 + 4*i + 8 - 24 + i**3 + 2*i. What is the hundreds digit of n(o)?
2
Let y be -2*(2 - -1 - 66/12). Suppose -s - 4*v - 10 = 10, 10 = -2*v. Suppose -y*d + 11 + 429 = s. What is the units digit of d?
8
Suppose -14*z + 5*z = 81. What is the units digit of z + 6 + -4 + 312?
5
Suppose l = -3*l, 3*l + 770 = 5*q. What is the units digit of (q/(-28))/(1/(-26))?
3
Let t(z) = 8*z + 4. Let o(b) = -4*b - 3. Let a(w) = -10*o(w) - 4*t(w). Let x = -16 + 38. What is the hundreds digit of a(x)?
1
Let y be 6/(-7)*70/(-15). Suppose 5*u + 216 = 5*q - 469, -y*q + 532 = 4*u. Let x = q - -133. What is the units digit of x?
8
Suppose 13907 = 16*h - 5933. What is the units digit of 3/9 - h/(-15)?
3
Let s(q) = 66*q + 465. Let h(z) = 9*z + 42. Let i be h(-3). What is the units digit of s(i)?
5
Let z(u) = 8*u + 77. Let o = -277 - -132. Let p be (-2 + 0)/(1 - (-155)/o). What is the tens digit of z(p)?
0
Let v = 17 - 62. Let j be (-6)/(-27) + 1495/v. Let k = 82 - j. What is the tens digit of k?
1
Let s(m) = 69 - 11 + 4*m + 7*m + 58 - 13*m. What is the tens digit of s(9)?
9
Let s be 2894/18 - (-12)/54. Let h = s + -133. What is the units digit of h?
8
Let i(y) = -124*y**3 + 5*y**2 + 3*y - 1. Let l be i(-1). Suppose -146 = -4*v + 2*t, l = 2*v + 2*v + 5*t. What is the tens digit of v?
3
Let d(s) = -s**3 + 49*s**2 + 12*s - 59. Let g be d(47). Suppose 0 = 7*m + 954 - g. What is the tens digit of m?
6
Suppose -5*s + 6*s + 4*s = 0. Suppose s = -5*f - 4*f + 1152. What is the tens digit of f?
2
Let p(g) = g**3 - 8*g**2 + 8*g - 5. Let k be p(7). Suppose -3*v + 206 = c, 5*c + k*v = 5*v + 1120. What is the units digit of c?
1
Suppose -2*u = -3*h - 4217, 6*u - 3*u = -3*h + 6303. Let x = 3218 - u. What is the thousands digit of x?
1
Let v = -44213 + 64556. What is the ten thousands digit of v?
2
Suppose -5*b = -4*r + 7021, 2*r - 79*b + 74*b = 3503. What is the thousands digit of r?
1
Suppose 3*i - 183 = -6. Let v = -41 + i. Let s = 42 + v. What is the tens digit of s?
6
What is the hundreds digit of (13 - -13915)*(-75)/(-100)?
4
Let b(c) = 2*c**3 + 4*c**2 + 5*c - 64. Let i = -349 - -355. What is the tens digit of b(i)?
4
Let f be (-11)/22 - (-1071)/(-2). Let x be f/(-32)*(11 + 1). Suppose 3*v - x = -5*h, 5*v - 3*h - 451 + 82 = 0. What is the tens digit of v?
7
Let w(l) = 35*l - 28. Suppose -2*p = a - 3*p + 12, 0 = -a + 3*p - 22. Let f(k) = 52*k - 42. Let g(n) = a*w(n) + 5*f(n). What is the tens digit of g(5)?
6
Suppose 89*z = 88*z + 2545. What is the units digit of z?
5
Let f(j) = 7*j**3 + 22*j**2 - 26*j + 36. Let d be f(11). Suppose -d + 1145 = -14*z. What is the tens digit of z?
5
Let f(o) = 2158*o - 3895. What is the ten thousands digit of f(14)?
2
Let u = 12120 - 1539. What is the ten thousands digit of u?
1
Suppose 5*c = p + 97, 0 = 4*c - 2*c - 2*p - 34. Suppose -2*y - 3*h = -688, 5*h + c = -0*h. What is the units digit of y?
0
Let u(h) = h**3 - 19*h**2 + 23*h - 90. Let t be u(18). Suppose k + r + r - 760 = 0, t = -5*k - 5*r + 3810. What is the tens digit of k?
6
Suppose 0 = -3*o + 2*i + 9731, -o + 5*i = -2*o + 3272. What is the tens digit of o?
4
Let k(r) be the second derivative of 5*r**4/12 + r**3 + 20*r**2 - 2*r + 17. What is the units digit of k(-7)?
3
Suppose -2*j - 2*k = -3*j + 548, -2*j + k + 1084 = 0. Suppose 11*i = 16*i - j. What is the units digit of i?
8
Let n(